4 + -14)) + -5?
1
Calculate -3 - (2 + -1) - (13 + -15).
-2
Evaluate 3 - (-2 - -5 - 0).
0
-4 + (1 - 5) + 4
-4
5 + -4 - (8 - 9)
2
Evaluate -6 - (3 + -15 + 4) - 7.
-5
Calculate (-4 + 4 - -3) + 2 + 2.
7
-17 - (-3 - 9 - -2)
-7
2 + 3 + 1 + -1 + -1
4
Calculate 4 - (12 + -6 + 1).
-3
What is (-10 - -4) + 2 - -1?
-3
Evaluate 0 + (-2 + 2 - (-4 - -2)).
2
What is 25 + -21 - (-2 - -2 - -2)?
2
What is the value of -3 + (-4 - -6) + 4 + -6?
-3
What is the value of 3 + (-3 - -7) + -6?
1
-2 + (-5 + 0 - -5)
-2
Evaluate 4 + (6 - 2) - 0.
8
What is the value of 8 + -5 + -12 + 6?
-3
What is 1 + 1 + (8 - (-11 - -12))?
9
What is -3 - (-18 - -13 - -13)?
-11
Evaluate 3 + -6 + 9 + -8.
-2
What is 1 + -1 - 0 - -1?
1
Calculate (-11 - (-3 + (-4 - -5))) + 1.
-8
What is 12 - (-3 - (-21 + 10))?
4
7 + 2 + -10 - (-1 + 6)
-6
What is 2 - (3 + -1) - (1 - -2)?
-3
Evaluate -5 - (8 - (10 - -5)).
2
What is 3 + 1 + -4 - (0 + -1)?
1
Evaluate 5 + (1 + -3 - 4).
-1
Calculate -12 + 1 + (-52 - -57).
-6
Calculate 5 + -1 + -6 + 7 + -4.
1
What is 2 - 6 - (2 + 4 + -5)?
-5
What is -10 + (9 - -9) + -1?
7
Calculate 4 + (0 + 10 - 9).
5
What is 3 - (-17 - (-15 + 1))?
6
What is the value of (1 - ((-5 - -7) + 5)) + 10?
4
Calculate (0 - 0) + 2 + -1 + -4.
-3
(-2 - 1) + 0 + -1 + 7
3
1 + -11 + (0 - -4)
-6
Evaluate 3 + 0 + -6 + 9 + -9.
-3
Calculate (-1 - -1) + 2 + (-5 - -7).
4
Calculate (0 - -1 - (0 + 0)) + -1.
0
Calculate 4 - (-12 + 3 + 5 + 3).
5
Calculate -13 - (14 + -46) - 8.
11
Evaluate (-4 + 0 - -2) + 4.
2
Calculate (0 - 1) + 2 + -6.
-5
What is the value of 1 + -1 + 1 - (-2 - -6)?
-3
-6 + 0 + (0 - (2 + -8))
0
Evaluate (3 - 0) + 0 - 6.
-3
What is -9 + 10 + 1 + 1?
3
-1 + 3 + 3 + -2
3
What is the value of (10 - 12) + 0 + 2 - 0?
0
Calculate -2 - (5 + -2) - -8.
3
5 + (0 + 5 - 0 - 8)
2
-6 + (4 - -4) + -2 - 0
0
(-4 - -3) + -3 + 2 + -1
-3
What is the value of (0 - -3 - (2 - -1)) + 0?
0
Calculate 1 + -6 + (5 - -5).
5
What is 0 - (3 + (3 - (-2 + 4)))?
-4
What is the value of 0 + 0 + -4 + 7?
3
Calculate (4 - (4 + 4) - -3) + 5.
4
What is (-4 + -1 - -1) + 3?
-1
Calculate (6 + -4 - 8) + 6 + -6.
-6
What is 0 + -13 + 17 + (-33 - -23)?
-6
(16 - (34 + -20)) + (-1 - -2)
3
(9 - 14 - 7) + 2
-10
What is the value of 2 + 9 + -5 + -5?
1
-7 + -4 + 8 + 6
3
Evaluate 2 - (9 - (5 + -1)).
-3
What is the value of 3 - -2 - 2 - (10 - 8)?
1
Calculate -6 + 7 + (3 - 1).
3
What is the value of 7 + -1 + -7 - (4 - 0)?
-5
Evaluate 10 - (14 + -7) - (3 - 2).
2
What is the value of -4 + 1 + 1 - 3?
-5
Evaluate 6 - (-5 + 1) - 6.
4
What is the value of 4 + (8 + -7 - 7)?
-2
Evaluate -4 - (4 + (0 - 10) - 1).
3
Evaluate (15 - 11) + (-2 - 1).
1
What is 0 - -1 - (1 + (3 - 3))?
0
What is -2 + 0 + 3 + 0?
1
Evaluate 3 + 4 + -7 + -1.
-1
What is (-31 - -33) + 3 + -1 + 1?
5
What is the value of 2 + 1 + -7 + 6 + 2?
4
Calculate -9 + 16 + -3 + 8 + -3.
9
What is the value of (2 + 0 - 0 - 2) + 2?
2
4 - (5 - (-7 + 5 + 2))
-1
Evaluate -1 + (5 + -1 - 3) + -2.
-2
What is -104 + 109 - (6 + 2 + 0)?
-3
Evaluate 26 + -27 - (0 - 2).
1
4 - (-1 + 3 + 1) - -7
8
Calculate 3 + -2 + -2 - 4.
-5
What is the value of 2 + -8 + -3 + 7?
-2
What is -18 + 16 + (4 + -1 - 0)?
1
14 + (-6 - -2) - 4
6
3 + (3 + 1 - (26 + -22))
3
Evaluate (2 + -23 - -6) + (-8 - -14).
-9
What is the value of 2 - (12 - 8 - 4)?
2
Evaluate -5 - -6 - (5 - 2).
-2
Calculate (3 - (-3 - (2 + -3))) + -4.
1
Calculate (0 - (5 + -2)) + 2.
-1
Evaluate -1 - (1 + -3) - (12 + -12).
1
What is the value of 0 - 1 - (-5 - -10 - 5)?
-1
What is the value of 1 + (-7 - -6 - -1)?
1
What is -1 + (9 - 11 - (-3 - -1))?
-1
What is 11 + -16 + (7 - 0 - 2)?
0
What is the value of (18 - (-11 + 8)) + -8 - 3?
10
What is (7 + -4 - -1 - -1) + -7?
-2
What is 1 + (-1 - (3 + 0)) + 4?
1
Calculate (1 - 8) + 4 - -1.
-2
-5 - (3 - 4 - 8)
4
Evaluate 8 + -3 + -5 - 6.
-6
Evaluate -10 + 9 + -4 + 7 + -9.
-7
What is 10 - (1 - -2 - (-14 - -14))?
7
What is the value of 1 + (-4 - -3) + -1 + 10?
9
What is -6 + (10 - 3) + 3 + 5?
9
What is -8 - (5 - 12 - 6)?
5
Evaluate (-4 - (-7 + 0)) + -1 + -4.
-2
-1 - ((-9 - -10) + -9)
7
What is the value of -1 + 1 + (7 - 9)?
-2
Evaluate -4 - (-4 + (-2 - (5 + 0))).
7
What is -1 - (-5 - -4) - 4?
-4
Calculate -6 + 0 - (-6 - -8 - 5).
-3
What is -1 + 5 - 7 - (1 + -4)?
0
Calculate -8 - (-5 + 6 + -4) - 1.
-6
Evaluate -4 + (-1 - (-2 + -3)).
0
1 - (4 + -7 - -2)
2
Calculate 2 + -3 + -1 + -5 + 4.
-3
What is the value of (-2 - 0) + -5 - -7?
0
What is the value of (0 - (4 - -4) - -4) + -1?
-5
What is -1 + -2 + (-71 - -76)?
2
-3 + 8 + (-16 - -4)
-7
4 + -4 + (-6 - (-2 + 0))
-4
Calculate 0 - 14 - (204 - 213).
-5
Calculate (-3 + 1 - (2 + 0)) + 2.
-2
Evaluate 2 + -1 + 3 + -3.
1
What is -2 + -4 - 2 - (-98 + 93)?
-3
15 + -27 + -2 + 9
-5
What is 3 + -6 + (4 - -1)?
2
Evaluate -1 + -3 - -4 - 0 - 0.
0
Calculate (-9 + 10 - 0) + 3.
4
5 + -9 + 1 + -3 - -3
-3
Calculate (0 + -1 - -1) + 3.
3
(-10 + -7 - -24) + (-10 - -1)
-2
What is the value of 3 - ((8 - 11) + -3)?
9
Evaluate (-3 - 2) + 3 - -6.
4
What is 1 + 3 + 4 + -3?
5
What is the value of 4 + -1 + 0 + -1 + 1?
3
3 + -1 + -5 + -37 + 43
3
-1 + -1 + 6 + (-6 - -5)
3
What is (-5 + 7 + 4 - 21) + 7?
-8
Calculate (-6 - -1) + (-6 - -13) + -6.
-4
Calculate -1 - (-5 + 2 - (4 + -4)).
2
Calculate -1 - -5 - (-9 + 15 + 0).
-2
Calculate -4 - (1 + 3 + -11 + 2).
1
Evaluate -4 + -6 + 0 + 5 - -8.
3
Calculate -5 - -3 - 7 - -5.
-4
What is the value of 0 - (3 - 1) - (0 - 2)?
0
What is -5 - ((-11 - -7) + -1)?
0
Evaluate -10 + -3 + -1 + 7.
-7
What is -6 - -5 - (4 - -1)?
-6
0 + 3 + 0 + (1 - 2)
2
What is the value of -1 + -7 - (-5 - -2 - -3)?
-8
Evaluate 55 - 63 - (0 + -3).
-5
-4 - ((-3 - 13) + 10 + -5)
7
What is the value of 2 - (0 - 6 - -4)?
4
Calculate 4 + (0 - 3) - 5 - -6.
2
12 + -20 + 7 + 1 + -1
-1
What is the value of 2 - (-9 + 8 - 4)?
7
What is 0 - 1 - (-3 + (9 - 11))?
4
What is -6 + 3 + 9 + -15?
-9
What is 2 + -6 - 1 - (0 + -9)?
4
What is the value of -1 - -4 - (-2 - -1 - 1)?
5
-5 + (-7 + 1 - -10)
-1
(0 + (6 - 4) - -3) + 0
5
What is the value of -4 + 2 + 0 + 5?
3
Evaluate 0 + 4 + -1 + -1 + 2.
4
What is -7 + (3 - 5) - (-3 - 1)?
-5
Calculate -10 + 8 - (-7 + -1).
6
Evaluate 2 - (14 + -2) - (1 - 6).
-5
Evaluate 4 + -3 - (0 + 1).
0
Evaluate 7 + -1 + -44 + 36.
-2
155 + -151 + -11 + -1
-8
-2 - (0 - (0 + (3 - 2)))
-1
What is -1 - (-3 - (-10 - -13))?
5
Calculate 14 - (24 + 1) - -14.
3
What is (-6 + 0 - -3) + 1 + 8?
6
Calculate (14 - -1) + -5 + -5.
5
What is 6 - (7 + (6 - 7))?
0
What is (-3 - 3 - -3) + 8?
5
Evaluate (1 - (8 + -4)) + 1 + 5.
3
Evaluate 1 - (-2 + 10) - (-2 - 3).
-2
Calculate 2 - (-2 - -1) - 0 - 6.
-3
What is (2 - 5) + (6 - 3)?
0
(3 - 10) + (8 - 4)
-3
Evaluate (-5 - 0) + 13 + (1 - 3).
6
Calculate (-6 - -2) + 5 + 3.
4
Calculate 3 - (4 - 0 - (-2 + -1)).
-4
Evaluate 2 - (6 + -8 - -8).
-4
Evaluate -7 + (7 - 10) + 2 - -17.
9
What is -12 - (-27 + 10) - -4?
9
Evaluate 15 + -19 + 14 + -7.
3
What is -1 + 3 + 0 + -4 + 3?
1
Calculate -3 + (-5 + 0 - -4).
-4
Evaluate -4 + (45 - 39) + (-11 - 0).
-9
Calculate (0 - -1) + -10 + 7.
-2
What is (0 - -4) + 6 + -2 + -6?
2
Evaluate (-234 - -240) + (-1 - (-1 - -7)).
-1
What is the value of -2 + 0 + 5 + -7?
-4
Calculate -3 + 0 - ((-4 - 3) + 1).
3
What is the value of 16 - 21 - (-6 - -2)?
-1
Evaluate -4 + (14 - (-7 + 12)) + -7.
-2
Calculate -3 - (2 + -3) - 3.
-5
Evaluate (4 - -2 - 3) + -4.
-1
What is the value of -5 - (3 + -9 + 2 + -2)?
1
Evaluate 0 - 3 - (3 - 7).
1
-3 - (0 + -2 + (9 - 1))
-9
5 + (-4 - -2) - -1
4
What is the value of 0 - (8 - (5 + -1))?
-4
What is the value of -6 + 2 + (1 - 0 - 2)?
-5
What is -2 - -3 - (4 - (9 - 4))?
2
3 - ((-7 + 12 - 2) + -4)
4
9 + (-6 - -7 - 7)
3
What is the value of -6 + (10 - 6) - -7?
5
What is the value of (-3 + -1 - 1) + 10?
5
Calculate (-7 - -2 - -5) + (4 - -2).
6
What is (-2 - -3) + -4 + 6?
3
What is the value of -6 + (2 - (5 + -1 + -2))?
-6
Evaluate -4 + 0 + -125 + 127.
-2
1 + 7 + (6 - 10)
4
-1 - -8 - (-17 + 8 + 24)
-8
Calculate -1 + -12 + 9 + 7.
3
What is the value of 0 - 3 - (5 + -7 + -3)?
2
(3 - 5) + 5 + -3
0
What is -5 + 4 - (0 + (-1 - 0))?
0
What is the value of (-4 - -3) + -4 + 9 + 1?
5
Evaluate (13 - (9 + 0 + -4)) + -6.
2
What is -4 + (3 - 1 - 1) + 3?
0
Calculate (19 - 14) + (-3 - (2 + -3)).
3
Calculate 1 + -5 + 16 + -14.
-2
Calculate -10 + 3 + 8 + -7.
-6
Evaluate 5 + 0 + (13 - 23).
-5
What is the value of (16 - 3) + (8 + -23 - -8)?
6
Evaluate (-